{"version":"1.0","provider_name":"Cologne Jazzweek","provider_url":"https:\/\/jazzweek.de\/en\/","title":"Henriette Eilertsen Trio - Cologne Jazzweek","type":"rich","width":600,"height":338,"html":"<blockquote class=\"wp-embedded-content\" data-secret=\"hoFcQhJDmT\"><a href=\"https:\/\/jazzweek.de\/en\/termin\/henriette-eilertsen-trio\/\">Henriette Eilertsen Trio<\/a><\/blockquote><iframe sandbox=\"allow-scripts\" security=\"restricted\" src=\"https:\/\/jazzweek.de\/en\/termin\/henriette-eilertsen-trio\/embed\/#?secret=hoFcQhJDmT\" width=\"600\" height=\"338\" title=\"&#8220;Henriette Eilertsen Trio&#8221; &#8212; Cologne Jazzweek\" data-secret=\"hoFcQhJDmT\" frameborder=\"0\" marginwidth=\"0\" marginheight=\"0\" scrolling=\"no\" class=\"wp-embedded-content\"><\/iframe><script type=\"text\/javascript\">\n\/* <![CDATA[ *\/\n\/*! This file is auto-generated *\/\n!function(d,l){\"use strict\";l.querySelector&&d.addEventListener&&\"undefined\"!=typeof URL&&(d.wp=d.wp||{},d.wp.receiveEmbedMessage||(d.wp.receiveEmbedMessage=function(e){var t=e.data;if((t||t.secret||t.message||t.value)&&!\/[^a-zA-Z0-9]\/.test(t.secret)){for(var s,r,n,a=l.querySelectorAll('iframe[data-secret=\"'+t.secret+'\"]'),o=l.querySelectorAll('blockquote[data-secret=\"'+t.secret+'\"]'),c=new RegExp(\"^https?:$\",\"i\"),i=0;i<o.length;i++)o[i].style.display=\"none\";for(i=0;i<a.length;i++)s=a[i],e.source===s.contentWindow&&(s.removeAttribute(\"style\"),\"height\"===t.message?(1e3<(r=parseInt(t.value,10))?r=1e3:~~r<200&&(r=200),s.height=r):\"link\"===t.message&&(r=new URL(s.getAttribute(\"src\")),n=new URL(t.value),c.test(n.protocol))&&n.host===r.host&&l.activeElement===s&&(d.top.location.href=t.value))}},d.addEventListener(\"message\",d.wp.receiveEmbedMessage,!1),l.addEventListener(\"DOMContentLoaded\",function(){for(var e,t,s=l.querySelectorAll(\"iframe.wp-embedded-content\"),r=0;r<s.length;r++)(t=(e=s[r]).getAttribute(\"data-secret\"))||(t=Math.random().toString(36).substring(2,12),e.src+=\"#?secret=\"+t,e.setAttribute(\"data-secret\",t)),e.contentWindow.postMessage({message:\"ready\",secret:t},\"*\")},!1)))}(window,document);\n\/\/# sourceURL=https:\/\/jazzweek.de\/wp-includes\/js\/wp-embed.min.js\n\/* ]]> *\/\n<\/script>\n","description":"Die 1993 geborene Henriette Eilertsen war die erste Fl\u00f6tistin in Norwegen, die an der Norges Musikkh\u00f8gskole in Oslo einen Bachelor im Fach Jazzfl\u00f6te machte. Das mag sich wie eine Randnotiz lesen, aber es zeigt, wie sehr die Querfl\u00f6te auch heute noch das Dasein eines Orchideeninstrumentes fristet. Bereits mit ihrem Deb\u00fctalbum \u201ePoems for Flute\u201c hat Eilertsen [&hellip;]"}

Die 1993 geborene Henriette Eilertsen war die erste Flötistin in Norwegen, die an der Norges Musikkhøgskole in Oslo einen Bachelor im Fach Jazzflöte machte. Das mag sich wie eine Randnotiz lesen, aber es zeigt, wie sehr die Querflöte auch heute noch das Dasein eines Orchideeninstrumentes fristet. Bereits mit ihrem Debütalbum „Poems for Flute“ hat Eilertsen [&hellip;]
