{"version":"1.0","provider_name":"Cologne Jazzweek","provider_url":"https:\/\/jazzweek.de\/en\/","title":"Fabian Dudek, Chaerin Im & special guest - Cologne Jazzweek","type":"rich","width":600,"height":338,"html":"<blockquote class=\"wp-embedded-content\" data-secret=\"6uIbhAXE1v\"><a href=\"https:\/\/jazzweek.de\/en\/termin\/fabian-dudek-chaerin-im-special-guest\/\">Fabian Dudek, Chaerin Im &#038; special guest<\/a><\/blockquote><iframe sandbox=\"allow-scripts\" security=\"restricted\" src=\"https:\/\/jazzweek.de\/en\/termin\/fabian-dudek-chaerin-im-special-guest\/embed\/#?secret=6uIbhAXE1v\" width=\"600\" height=\"338\" title=\"&#8220;Fabian Dudek, Chaerin Im &#038; special guest&#8221; &#8212; Cologne Jazzweek\" data-secret=\"6uIbhAXE1v\" frameborder=\"0\" marginwidth=\"0\" marginheight=\"0\" scrolling=\"no\" class=\"wp-embedded-content\"><\/iframe><script type=\"text\/javascript\">\n\/* <![CDATA[ *\/\n\/*! This file is auto-generated *\/\n!function(d,l){\"use strict\";l.querySelector&&d.addEventListener&&\"undefined\"!=typeof URL&&(d.wp=d.wp||{},d.wp.receiveEmbedMessage||(d.wp.receiveEmbedMessage=function(e){var t=e.data;if((t||t.secret||t.message||t.value)&&!\/[^a-zA-Z0-9]\/.test(t.secret)){for(var s,r,n,a=l.querySelectorAll('iframe[data-secret=\"'+t.secret+'\"]'),o=l.querySelectorAll('blockquote[data-secret=\"'+t.secret+'\"]'),c=new RegExp(\"^https?:$\",\"i\"),i=0;i<o.length;i++)o[i].style.display=\"none\";for(i=0;i<a.length;i++)s=a[i],e.source===s.contentWindow&&(s.removeAttribute(\"style\"),\"height\"===t.message?(1e3<(r=parseInt(t.value,10))?r=1e3:~~r<200&&(r=200),s.height=r):\"link\"===t.message&&(r=new URL(s.getAttribute(\"src\")),n=new URL(t.value),c.test(n.protocol))&&n.host===r.host&&l.activeElement===s&&(d.top.location.href=t.value))}},d.addEventListener(\"message\",d.wp.receiveEmbedMessage,!1),l.addEventListener(\"DOMContentLoaded\",function(){for(var e,t,s=l.querySelectorAll(\"iframe.wp-embedded-content\"),r=0;r<s.length;r++)(t=(e=s[r]).getAttribute(\"data-secret\"))||(t=Math.random().toString(36).substring(2,12),e.src+=\"#?secret=\"+t,e.setAttribute(\"data-secret\",t)),e.contentWindow.postMessage({message:\"ready\",secret:t},\"*\")},!1)))}(window,document);\n\/\/# sourceURL=https:\/\/jazzweek.de\/wp-includes\/js\/wp-embed.min.js\n\/* ]]> *\/\n<\/script>\n","description":"Kaum mehr als ein Katzensprung trennt die musikalisch florierenden Szenen K\u00f6lns und Amsterdams: zwei St\u00e4dte, in denen die eigenst\u00e4ndig frischen Stimmen von Fabian Dudek und Chaerin Im l\u00e4ngst essenzieller Bestandteil sind. Den Saxophonisten und die Pianistin verbinden nicht nur die uners\u00e4ttliche Erforschung der akustischen M\u00f6glichkeiten ihrer Instrumente, sondern auch die neugierige Erweiterung ihres klanglichen Spektrums [&hellip;]"}

Kaum mehr als ein Katzensprung trennt die musikalisch florierenden Szenen Kölns und Amsterdams: zwei Städte, in denen die eigenständig frischen Stimmen von Fabian Dudek und Chaerin Im längst essenzieller Bestandteil sind. Den Saxophonisten und die Pianistin verbinden nicht nur die unersättliche Erforschung der akustischen Möglichkeiten ihrer Instrumente, sondern auch die neugierige Erweiterung ihres klanglichen Spektrums [&hellip;]
